 - 118*i - 1069. Determine f(-11).
-13
Let v(u) = 2*u**3 + 14*u**2 - 153*u + 165. Calculate v(5).
0
Let f(n) = -3*n**2 - 114*n + 1791. Determine f(-51).
-198
Let b(z) = -z**2 + 105564*z - 1161090. Determine b(11).
-7
Let m(q) = 776*q + 630. Determine m(2).
2182
Let b(z) = 62492*z - 2749651. Determine b(44).
-3
Let w(y) = -7*y**3 - 4*y**2 - 79*y - 702. Determine w(-5).
468
Let y(j) = 367*j - 15539. Determine y(43).
242
Let y(k) = 353*k - 20189. Give y(55).
-774
Let v(o) = -o**2 - 661*o + 5324. Calculate v(8).
-28
Let g(a) = 35636*a + 7020309. What is g(-197)?
17
Let o(t) = -626642*t + 6266454. Give o(10).
34
Let v(l) = l**3 - 2393*l**2 - 192734*l + 324. What is v(-78)?
12
Let u(q) = 4*q**3 - 45*q**2 - 101*q + 1508. Give u(10).
-2
Let y(i) = -163014*i - 2445191. Give y(-15).
19
Let k(n) = 1110*n + 392051. Give k(-353).
221
Let u(s) = -100*s**2 + 32836*s + 21055. Calculate u(329).
-1
Let s(u) = -u**2 + 6148*u + 86250. What is s(-14)?
-18
Let y(i) = -2704*i + 10631. Calculate y(4).
-185
Let a(g) = -87755*g - 350969. Give a(-4).
51
Let q(l) = l**3 - 43*l**2 + 566*l - 2343. Calculate q(11).
11
Let h(n) = -51*n - 3707. Determine h(-34).
-1973
Let a(w) = 11407*w - 1813705. Give a(159).
8
Let p(t) = -t**3 - 89*t**2 - 223*t - 4220. Calculate p(-87).
43
Let u(n) = 20*n**3 + 7*n**2 - 122*n - 396. Give u(-3).
-507
Let g(r) = 1091*r - 9436. Give g(7).
-1799
Let z(i) = i**2 - 98494*i + 5414145. What is z(55)?
0
Let r(q) = 11216*q + 1917896. Determine r(-171).
-40
Let x(f) = 167*f**2 - 43*f - 43. Give x(-1).
167
Let d(k) = k**2 - 470*k + 14065. What is d(32)?
49
Let a(o) = -129*o - 2258. Calculate a(-13).
-581
Let s(k) = 5*k**3 + 229*k**2 + 193*k - 77. What is s(-45)?
-662
Let u(a) = 6247*a + 2523794. Determine u(-404).
6
Let z(n) = n**3 - 938*n**2 - 2819*n - 3770. What is z(941)?
-6
Let x(j) = 946*j**2 - 3876*j + 369. Determine x(4).
1
Let a(b) = 5*b**3 + 55*b**2 - 81*b - 265. Give a(-12).
-13
Let j(i) = 4*i**3 - 192*i**2 - 31*i + 148. Give j(48).
-1340
Let a(h) = 6*h + 2852. Calculate a(-44).
2588
Let f(n) = 10*n**2 - 110*n - 8406. What is f(35)?
-6
Let a(t) = 504649*t + 7065071. Give a(-14).
-15
Let p(c) = -2*c**2 - 20*c + 4774. Give p(45).
-176
Let k(a) = -42*a**2 - 2731*a - 183. Calculate k(-65).
-118
Let o(n) = n**3 + 1644*n**2 + 50169*n + 5143. Give o(-31).
-3
Let t(p) = 1893*p + 348285. Calculate t(-184).
-27
Let f(v) = 25*v**2 - 2307*v - 4065. Calculate f(94).
-23
Let h(y) = -80505*y + 402635. Calculate h(5).
110
Let a(j) = 9052*j - 136022. What is a(15)?
-242
Let t(h) = -7*h**3 + 539*h**2 - 19*h + 1462. Give t(77).
-1
Let t(x) = 400*x - 5908. What is t(15)?
92
Let g(m) = -37082*m - 1149483. Calculate g(-31).
59
Let a(v) = -v**3 + 74*v**2 - 1212*v - 546. Determine a(49).
91
Let y(t) = 172*t**2 - 2092*t + 3720. What is y(10)?
0
Let r(f) = -1505*f - 1238697. Determine r(-823).
-82
Let f(v) = -8*v**2 + 1967*v - 1712. Calculate f(245).
3
Let u(f) = -f**2 - 222*f + 69481. Give u(175).
6
Let i(d) = 71*d**2 - 999*d + 242. Give i(14).
172
Let z(a) = -1771*a - 14252. Give z(-8).
-84
Let h(g) = -3*g**3 + 49*g**2 - 58*g - 142. Calculate h(15).
-112
Let m(z) = -354*z + 109874. Calculate m(310).
134
Let c(g) = 22*g**2 + 289*g + 65. Calculate c(-12).
-235
Let i(u) = -u**3 + 320*u**2 + 598*u + 14885. Calculate i(322).
73
Let x(f) = 76480*f + 1529635. Calculate x(-20).
35
Let m(a) = 1827*a - 43909. Calculate m(24).
-61
Let g(c) = -c**3 + 5*c**2 + 3542*c - 10638. Determine g(3).
6
Let x(h) = -49345*h - 5575993. Determine x(-113).
-8
Let u(x) = -34280*x - 4422052. What is u(-129)?
68
Let k(i) = 751*i + 198207. Calculate k(-264).
-57
Let d(w) = -2*w**3 - 71*w**2 - 244*w - 105. Calculate d(-31).
-1190
Let p(v) = -3023*v**2 - 18084*v + 332. Determine p(-6).
8
Let b(s) = 1537*s**3 + 18*s**2 - 30*s + 25. Calculate b(1).
1550
Let y(f) = -f**3 - 7*f + 82. What is y(9)?
-710
Let n(o) = -90*o**3 + 452*o**2 + 5*o - 11. Calculate n(5).
64
Let y(g) = -12*g**2 + 5944*g + 58630. What is y(505)?
50
Let h(z) = 1281*z + 135771. Calculate h(-106).
-15
Let i(m) = 2*m**3 + m**2 + 167. What is i(-6)?
-229
Let u(w) = -17*w**3 + 7*w**2 + 1753*w - 12328. Determine u(7).
-5545
Let b(s) = -s**3 + 63*s**2 - 58*s - 3800. Determine b(61).
104
Let s(n) = -1924*n - 119130. Give s(-62).
158
Let o(g) = -2*g**3 + 155*g**2 + 631*g - 50. Give o(-4).
34
Let m(l) = 5*l**3 + 1304*l**2 - 8011*l - 2. Calculate m(6).
-44
Let o(r) = -r**3 + 159*r**2 - 5525*r + 762. Determine o(51).
-105
Let n(g) = 21*g**2 - 307*g + 1011. What is n(5)?
1
Let h(p) = 1327*p**2 + 9*p + 8. What is h(-1)?
1326
Let i(l) = -2679*l - 2650. Determine i(-1).
29
Let h(u) = -35*u**2 + 446*u - 1107. Determine h(7).
300
Let z(m) = -197*m**2 - 5094*m + 734. Calculate z(-26).
6
Let y(g) = g**3 + 72*g**2 + 728*g + 162. What is y(-60)?
-318
Let h(c) = -c**3 + 14*c**2 - 6174*c + 67501. Give h(11).
-50
Let m(x) = -816*x + 159882. Determine m(196).
-54
Let n(u) = -521938*u + 3131525. What is n(6)?
-103
Let q(u) = -6651*u + 206. Give q(0).
206
Let p(v) = v**2 + 1619*v + 424399. What is p(-329)?
-11
Let h(s) = -s**2 - 8791*s - 10650345. What is h(-1451)?
-5
Let d(a) = a**2 + 4035*a + 124290. Determine d(-31).
166
Let f(o) = -20*o**3 + 1239*o**2 + 474*o - 25515. Calculate f(62).
29
Let r(k) = -2769805*k + 8309371. What is r(3)?
-44
Let j(r) = -7478*r**2 + 329030*r + 78. What is j(44)?
-10
Let h(v) = -19*v**2 - 3*v - 260. Calculate h(-10).
-2130
Let y(i) = -i**3 - 284*i**2 - 1093*i - 70244. Determine y(-281).
6
Let q(w) = 39*w**2 - 744*w + 359. Determine q(16).
-1561
Let s(m) = 7076*m - 71266. Give s(10).
-506
Let a(g) = 798746*g - 4792465. Calculate a(6).
11
Let v(m) = 58*m**2 + 23*m - 16. Give v(6).
2210
Let r(w) = 433*w + 23052. Determine r(-49).
1835
Let p(h) = -13*h + 4775. Determine p(90).
3605
Let a(n) = 2*n**2 + 24*n - 31. Determine a(10).
409
Let b(w) = -7*w**3 - 179*w**2 + 140*w + 1490. Calculate b(-26).
-122
Let s(q) = 9394*q - 469734. Give s(50).
-34
Let g(c) = -c**2 - 51*c + 21298. What is g(122)?
192
Let q(z) = -z**3 - 17*z**2 - 2974*z - 41049. Determine q(-14).
-1
Let q(t) = -2*t**3 - 37*t**2 - 147*t - 3158. Give q(-19).
-4
Let h(p) = 1759*p - 728266. What is h(414)?
-40
Let p(h) = 4*h**3 - 2513*h**2 - 6944*h + 1906. What is p(631)?
13
Let v(f) = 15622*f + 8123438. Calculate v(-520).
-2
Let i(k) = -k**2 - 93*k - 1015. What is i(-74)?
391
Let f(c) = -2*c**3 - 16*c**2 - 59*c - 117. Determine f(-5).
28
Let i(j) = 4*j**3 - 330*j**2 + 148*j + 986. Determine i(82).
-326
Let l(i) = -7829*i + 61366. Determine l(8).
-1266
Let z(n) = -2*n**3 + 101*n**2 - 36*n - 602. Give z(50).
98
Let d(h) = -3*h**3 + 8*h**2 + 50*h + 142. Give d(-3).
145
Let y(w) = 2730*w + 2669. What is y(-1)?
-61
Let f(b) = -22*b**2 + 1623*b - 2708. Calculate f(72).
100
Let b(g) = 377*g - 54693. Give b(145).
-28
Let w(h) = h**3 - 300*h**2 + 324*h - 7483. Determine w(299).
-8
Let x(w) = 358*w + 63568. Give x(-177).
202
Let f(y) = -6072*y + 36298. Determine f(6).
-134
Let t(z) = 73319*z - 366589. Determine t(5).
6
Let h(k) = -3518731*k - 10556182. What is h(-3)?
11
Let r(h) = 388*h**2 - 193*h - 376. Determine r(-2).
1562
Let l(k) = 3*k**3 + 10*k**2 - 75*k + 252. Calculate l(-8).
-44
Let g(n) = -180566*n - 1444513. Calculate g(-8).
15
Let y(x) = x**3 - 43*x**2 - 5546*x - 40. Determine y(-56).
72
Let x(k) = k**3 - 565*k**2 + 555*k + 5068. Determine x(564).
-8
Let x(q) = 1031*q**2 + 8262*q + 3. Give x(-8).
-109
Let u(i) = -1049*i + 82275. Calculate u(79).
-596
Let h(l) = 2*l**3 + 43*l**2 + 194*l - 325. What is h(-13)?
26
Let u(c) = -9*c**3 + 878*c**2 + 385*c + 358. What is u(98)?
-328
Let h(i) = -7183*i - 473991. What is h(-66)?
87
Let y(z) = -13077*z - 170046. Calculate y(-13).
-45
Let s(v) = v**2 - 16067*v - 225123. Give s(-14).
11
Let d(b) = 10*b**3 - 3218*b**2 - 3876*b - 2. Determine d(323).
-2
Let f(c) = -12695*c - 431621. Give f(-34).
9
Let w(l) = -2*l**3 + 68*l**2 + 395*l - 3477. Calculate w(38).
-19
Let v(r) = -r**3 - 50*r**2 + 26*r + 3573. What is v(-49)?
-102
Let x(q) = -119*q**2 + 23090*q - 712. Determine x(194).
64
Let o(v) = -9597*v - 690991. Calculate o(-72).
-7
Let y(z) = 10585*z**2 - 116432*z + 67. What is y(11)?
100
Let u(d) = 18986*d - 1120123. Determine u(59).
51
Let x(b) = 3*b**3 - 549*b**2 + 1598*b + 3971. What is x(180)?
11
Let u(q) = 134067*q - 13406698. G